 r)*-3.
2, 13
List the prime factors of (3 - -195) + (-12)/30*-10.
2, 101
List the prime factors of 9 + 1208 + 42/(5 + 1).
2, 3, 17
Suppose -51 = a + 3*p - 282, 5*a - 1175 = 5*p. List the prime factors of a.
2, 3, 13
Let w = 18 + -26. What are the prime factors of 10/(-8) - 1986/w?
13, 19
Suppose -2*d - 7*d + 45 = 0. Suppose -5*g + 65 = d*j, 5*g - 84 + 11 = 3*j. List the prime factors of g.
2, 7
Let y(d) = 16*d - 15. Let s be y(6). Suppose 3*f + 3*z - s - 3 = 0, -3*f + 86 = z. List the prime factors of f.
29
Let c = 242 + -179. List the prime factors of c.
3, 7
Let z(o) = 3*o**2 - o - 2*o**2 - 2 - 2*o + 2*o. Let r be z(-2). Suppose -r*f + 3*f = -37. What are the prime factors of f?
37
Let m(t) = t - 12. Let p be m(12). Let v be 4 + (2 - -1) - p. Suppose 6*x - 5*x - v = 0. List the prime factors of x.
7
Let b = 9 - 6. Let s be 1*-8 + b - 2. What are the prime factors of 6/(-21) + (-114)/s?
2
Let p = 91 - -6. Let f = p + -24. List the prime factors of f.
73
Suppose -13*k - 101 = -725. Suppose -2*r + k = -0*r. What are the prime factors of r?
2, 3
Suppose -n + 34 = -2*q - 5*n, 2*q - 4*n + 26 = 0. Let m = q + 27. Suppose -m + 1 = -f. List the prime factors of f.
11
Let x = -7 + 14. Let y(m) = 3*m + m**2 - 4 - x*m + 1. What are the prime factors of y(7)?
2, 3
Suppose -846 = -2*n + 2*c, -c - 4*c - 1259 = -3*n. List the prime factors of n.
2, 107
Let b = 21 - 23. What are the prime factors of ((-312)/(-16))/(b/(-4))?
3, 13
Let z(l) = 3*l**2 + 8*l - 23. What are the prime factors of z(6)?
7, 19
Suppose 2*g - 5*c + 21 = 0, -c = 5*g - 3*g + 39. Let y be 13/(1 - (-4)/(-2)). Let b = y - g. List the prime factors of b.
5
Let p(j) = 0*j - j**2 + 5 - 4*j - 3*j + 15*j. Let k(g) = -2*g - 21. Let d be k(-14). What are the prime factors of p(d)?
2, 3
List the prime factors of 11/(2/(-5)*(-19)/190).
5, 11
Suppose 5*j + 72 = 23*j. Suppose i = -j*t + 1265, -3*t + 976 = 3*i + 16. What are the prime factors of t?
3, 5, 7
What are the prime factors of -3*-933*20/12?
3, 5, 311
Let w = 4 + -3. Let j be ((13 - 3) + 1)*w. Let i = 21 - j. What are the prime factors of i?
2, 5
What are the prime factors of 48/9*(-4 + 55)?
2, 17
Suppose 4*s - 2*c + 13 = 5*s, -5*s = -c - 10. Suppose -3 = s*p - 4*p. Suppose q + 2*k - 16 = 11, -p*k = -4*q + 130. What are the prime factors of q?
31
Let z = -31 - -29. List the prime factors of 26 + -9 + 1*z.
3, 5
Let u(x) = x**2 + 15*x - 5. Let w be u(-15). Let f be (-3)/w + 104/(-65). What are the prime factors of -16 - -38 - (f - 0)?
23
Suppose 5*o = 2*f + 26, 0 = -f - 0*o + 2*o - 14. Let s be 2*(-3)/f*15. Suppose 0 = s*w + 5*z - 130, 100 = 5*w + z - 2*z. What are the prime factors of w?
3, 7
Let n = -12 + 9. Let r(z) = -9*z - 6. What are the prime factors of r(n)?
3, 7
Let a(s) = -s**3 + 26*s**2 + 28*s + 54. Let y be a(27). Let z = y - 25. List the prime factors of z.
2, 7
Let r be ((-22)/4)/((-3)/6 - 0). Suppose -r*b + 42 = -200. List the prime factors of b.
2, 11
List the prime factors of 1011/2 + ((-9)/(-2))/9.
2, 11, 23
Let h(k) = -k**2 + 14*k + 5. Let a be h(10). Suppose -a*b = -48*b + 189. List the prime factors of b.
3, 7
List the prime factors of (-60)/21 - -3 - 2247/(-49).
2, 23
Suppose -1598 = -3*k - a - 3*a, 4*k + 2*a = 2134. List the prime factors of k.
2, 3, 89
Let n = 11 + -7. Suppose g + n*g = -3*v + 12, 2*v = -4*g + 8. Suppose 7 = -g*m + m - 3*j, 4*m - 2*j - 28 = 0. What are the prime factors of m?
7
Let x(m) = 1 - 5*m**3 + 18*m - 6*m - 13*m. Let a be x(2). List the prime factors of 2*(a/(-2))/1.
41
Let b(j) = -15*j - 3. Let r be b(-1). Let t be 40/r*3/2. Let m = t + 38. List the prime factors of m.
43
Suppose f + 3 = 3*g, 4*g = -2*f - 0*g + 14. Suppose -f*v + 2*m + 436 = -2*m, -4*v + 564 = -m. List the prime factors of v.
2, 5, 7
Let d(g) = -6*g - 12. Let c be (-2 + 2)*7/14. Let o = c + -7. What are the prime factors of d(o)?
2, 3, 5
Let d(o) = 33*o + 107. What are the prime factors of d(12)?
503
Suppose -14*f + 5723 = -3209. What are the prime factors of f?
2, 11, 29
List the prime factors of (371/(-14) - -10)*92/(-6).
11, 23
Let c = -49 - -54. Suppose g - 3*o - 5 - 20 = 0, -o = c. What are the prime factors of g?
2, 5
Let h = 3 - -42. Let n be (-2)/(5/h*-3). Suppose 10 = n*g - 2. List the prime factors of g.
2
Let s be (-1)/(6/(-208) + (-10)/(-65)). Let q(o) = -23*o + 11. What are the prime factors of q(s)?
3, 5, 13
Suppose -7*k = -6*k. Suppose k = -n + 2*w + 29, -2*n - 2*w - 137 = -7*n. List the prime factors of n.
3
Suppose 3*d - 68 = -20. Suppose -4*h + d = -112. Suppose h = z + z. List the prime factors of z.
2
Let t = -75 + 78. Suppose t*j - 4*a = -j + 608, -5*j - a = -736. List the prime factors of j.
2, 37
Let a(x) = 76*x**2 + x + 2. List the prime factors of a(2).
2, 7, 11
Suppose -65*h - 14 = -67*h. What are the prime factors of (h/((-210)/(-612)))/((-1)/(-5))?
2, 3, 17
Let a(h) = 2*h**3 - 37*h**2 + 5*h - 15. List the prime factors of a(19).
3, 7
Let s = -17 + 20. Suppose 3 = 2*v + s*f, 0*f - f = 1. Suppose 4*j + v*m - 84 = -0*m, -2*m = -j + 21. What are the prime factors of j?
3, 7
Suppose -8*m + m + 147 = 0. Suppose 0 = 15*t - m*t + 882. What are the prime factors of t?
3, 7
What are the prime factors of 3/(-2) + (-112250)/(-100)?
19, 59
Let o = 89 - 81. What are the prime factors of 4 + -7 + o + 60?
5, 13
Let i be -9*(-4 - -3)/3. Suppose 2*p + 4 = 0, w + 105 = -2*w - i*p. What are the prime factors of 5 - w - 4/1?
2, 17
Let t(u) = -1. Let n(p) = -10*p + 5. Let a(m) = n(m) + 6*t(m). Let d be a(1). List the prime factors of 7 + d - (-77)/1.
73
Let d(h) = h**3 - 2*h + 16. Let g be d(0). Suppose 44 + g = -5*q. Let b = q + 25. List the prime factors of b.
13
Let u(p) = -4*p**2 - 6*p + 4. Let v be u(-7). Let t = -19 - -13. List the prime factors of (-2)/t - v/9.
17
Let p(g) = -g - 9. Let r be p(-12). Suppose 4*o - 196 = 2*h, 5*o + r*h = h + 245. List the prime factors of o.
7
Let c be (2/(-4))/((-759)/126 - -6). Let y = c - -30. List the prime factors of y.
3, 17
Suppose 0 = 2*j - 0*j - 16. Let g = 6 - j. List the prime factors of 4 + (4 - -4) + g.
2, 5
Let t be -2 - ((-21)/3 + 1). Suppose a - 2*b = 6*a + t, 3*a = -2*b - 4. Suppose c = -a*c + 2. List the prime factors of c.
2
Suppose 15*f - 17*f + 202 = 0. Let k = f + -65. List the prime factors of k.
2, 3
Let o = 951 + -670. List the prime factors of o.
281
Let z = 205 + 1014. What are the prime factors of z?
23, 53
Let l be 4/(-22) + 124/(-44). Let r(f) = -4*f**3 - 2*f**2 + 2*f. List the prime factors of r(l).
2, 3, 7
Let q = 38 - 35. Let n be -2 + 15/q - 7. List the prime factors of ((-14)/n)/((-2)/(-4)).
7
Let w(k) = 4*k**2 + 12*k + 10. Suppose 0*x = -2*f - x - 10, 2*x = 8. List the prime factors of w(f).
2, 61
Let w(h) = 6*h + 399. What are the prime factors of w(5)?
3, 11, 13
Suppose -79430 - 3866 = -38*b. What are the prime factors of b?
2, 137
Suppose -j = -5*j. Suppose 5*t + 67 = 3*g, -4*g - t - 3*t + 36 = j. What are the prime factors of g?
2, 7
Suppose g - 6*g + 5*b = -20, 0 = -2*g - 5*b + 22. Let x(n) = -n**3 + 6*n**2 + 2*n + 6. Let f be x(g). Suppose p + f = 60. What are the prime factors of p?
2, 3, 7
List the prime factors of 31794/22 - (60/66)/5.
5, 17
Let q(m) = 43*m**2 - 3*m + 2. Let h(c) = c - 4. Let z be h(5). List the prime factors of q(z).
2, 3, 7
Let c(u) = 3*u**2 - 6*u - 338. List the prime factors of c(-27).
2011
Let k = 115 + -83. Suppose 6*z = -k + 140. What are the prime factors of z?
2, 3
Suppose 0 = -o + 18 - 158. Let t = -79 - o. What are the prime factors of t?
61
Suppose 3*j = 3*a - 108, -16 = -4*a - 5*j + 83. Let l = 75 - a. List the prime factors of l.
2, 11
Let w = 117 - 114. Suppose 4*g = 4, w*g - 117 = -3*j - 39. List the prime factors of j.
5
Suppose 0 = 4*b - 16. Let j be (3/5)/(b/60). List the prime factors of j/(-3)*-7 - -2.
23
Let h(b) = 5*b**3 - 6*b**2 - 11*b + 10. Let l be h(6). Suppose 12*o - l = -4. List the prime factors of o.
67
List the prime factors of (-1 - -225)*100/40.
2, 5, 7
List the prime factors of 21/(-42) + (0 - 190/(-4)).
47
Let p = 51 + -71. Let y(k) = -6*k + 56. What are the prime factors of y(p)?
2, 11
Let t(f) = -71*f - f**2 + 29*f - 2 + 33*f. List the prime factors of t(-7).
2, 3
Let q = -1414 - -2642. What are the prime factors of q?
2, 307
Let u(p) be the second derivative of -p**5/20 - p**4/4 - p